170/(-51). Suppose w*m = -m + 340. List the prime factors of m.
2, 17
Let q(z) = -z**3 - 26*z**2 + 84*z - 78. What are the prime factors of q(-31)?
11, 193
Let v be (-9)/2*(-1104)/92. Let b = v + 442. What are the prime factors of b?
2, 31
Let t(y) = -3*y + 23. Let c be t(7). Let n(p) = 15*p**3 + 2*p**2 - 3*p + 2. Let w be n(c). Let k = w + -110. What are the prime factors of k?
2, 7
Let a be (27/(-6))/(21/56). List the prime factors of (-892)/(-3*(-8)/a).
2, 223
Let r(t) = 6*t**2 + 697*t + 3*t**2 - 699*t + 2. Let m be r(1). Suppose -513 = -m*w + 6*w. What are the prime factors of w?
3, 19
Let j(t) = -10*t**2 + 12*t - 14. Let n be j(7). Let d = n + 1729. List the prime factors of d.
7, 11, 17
Let b(z) be the first derivative of 11*z**5/6 - z**4/4 - 13*z**3/3 - 39. Let s(p) be the third derivative of b(p). List the prime factors of s(1).
2, 107
Let g(w) = 7*w**2 + 19*w - 27. Let j be g(6). Let n = j - 91. List the prime factors of n.
2, 31
Let o be (-1 - 2) + 40 + 1. Let x = -36 + o. Suppose x*n + 68 = 4*n. What are the prime factors of n?
2, 17
Let x be (510/(-120))/((-2)/8). Suppose -27*d + x*d = -6540. What are the prime factors of d?
2, 3, 109
Suppose 4*i + 5*i = 4*i. Suppose -9*o + 40*o - 4867 = i. List the prime factors of o.
157
Let r(b) = 96*b**2 + 55*b + 191. What are the prime factors of r(-12)?
5, 2671
Suppose w = -5*p + 1959, -5*p - 14*w + 15*w + 1951 = 0. What are the prime factors of p?
17, 23
Let s(c) = 395*c**2 - 82*c + 562. What are the prime factors of s(6)?
2, 5, 1429
Suppose 7*q + 312 = 130. Let r = 451 + q. List the prime factors of r.
5, 17
Let i(z) = 3348*z**2 + 82*z - 24. What are the prime factors of i(-4)?
2, 1663
Suppose 0 = 3*x + 5*z - 15558, 0 = 4*x + 4*z - 4601 - 16151. What are the prime factors of x?
29, 179
Let y(u) = u**3 + 6*u**2 + 2*u - 5. Let w be y(-5). Suppose -3*z = -5*t - 12, -4*z + 5*z + w = -3*t. Let r = t - -17. List the prime factors of r.
2, 7
Let q be (-2 + (-8)/(-4))/(-6). Let a(t) = t**2 - 5*t + 210. List the prime factors of a(q).
2, 3, 5, 7
Let q be -2*(3 - 6/3). Let i be q + 7/3 - 520/(-6). Suppose 5*h + r - 180 = -r, -3*r - i = -3*h. What are the prime factors of h?
2, 17
Let x = -164 - -170. Suppose -654 = -x*a + 324. List the prime factors of a.
163
Let g = -112 - -127. Suppose g*v = 19*v + 4*o - 3948, -v = -5*o - 993. What are the prime factors of v?
2, 13, 19
Suppose 4*l + 2*r - 513201 + 183129 = 0, 5*r - 247582 = -3*l. List the prime factors of l.
2, 41257
Suppose 3 = -w + 2, 3*w = -d + 40. Let n = d - -18. Let a = n + 104. List the prime factors of a.
3, 5, 11
Suppose 13*c - 1178 - 38498 = 0. Suppose -49*m = -51*m + c. List the prime factors of m.
2, 7, 109
Suppose -153*p + 427*p = 20707550. List the prime factors of p.
5, 3023
Suppose 18 = 2*d, 2*m + 3*d = -3*m + 105267. What are the prime factors of m?
2, 3, 877
Let u(h) = -26*h**3 + h**2 - 180*h - 1253. List the prime factors of u(-7).
2, 7, 641
Let s = -577 - -644. Suppose s*n - 8125 = 62*n. What are the prime factors of n?
5, 13
Suppose -1612620 = -591*s + 557*s. What are the prime factors of s?
2, 3, 5, 17, 31
Suppose 19680 = 2*h - 3*y - 16681, -2*h = 5*y - 36401. What are the prime factors of h?
2, 4547
Suppose 4*y - 4*k - 16 = 0, 4*k - 6 + 20 = 3*y. Let r be 2*((-143)/(-22) - 4). Suppose -j = -6*j - r*z + 100, y*j - 4*z - 58 = 0. List the prime factors of j.
23
Suppose -2*v + 3*n = -7*v + 59791, -2*n + 23914 = 2*v. What are the prime factors of v?
2, 5, 13, 23
Suppose 3888 = 11*s - 21819. Suppose -8*g - s = -11*g. List the prime factors of g.
19, 41
Let a be -5*(-2 + (-1)/(-4)*4). Suppose 5*q = 5*t - 70, -2*t + 3*q = -a*t + 24. Suppose 0 = t*i - 7*i - 296. What are the prime factors of i?
2, 37
Let k = -28 + 36. Suppose k*x = 5*x - 12. What are the prime factors of -7*(x + (-120)/(-35))?
2
What are the prime factors of (-15)/(-10) + 232810/20?
2, 5821
Suppose -25*h + 70023 = -32853 - 14224. List the prime factors of h.
2, 1171
Let j be ((-2)/7 - 452/(-14))/2. Suppose -j*o + 100 = -21*o. List the prime factors of (4 + 2)/((-15)/o).
2
Suppose -13 = -7*n + 29. Let k(b) = 1 - 4*b + n*b - b + b**2. List the prime factors of k(3).
13
Let u = -19 + 22. Suppose u*r + 2*h - 152 = 464, 2*r - 4*h - 400 = 0. What are the prime factors of r?
2, 3, 17
Let o be ((-20)/(-50))/((-3)/15). What are the prime factors of -213*(-4)/(-24)*o?
71
Let b = 14067 + -7213. List the prime factors of b.
2, 23, 149
Let v = 30089 + 29543. What are the prime factors of v?
2, 3727
Let c = 124 - 121. Suppose 433 - 61 = c*i. List the prime factors of i.
2, 31
Let v(i) = -i**2 + 7*i + 13. Let j be v(7). Let u = j + 107. Let t = 9 + u. List the prime factors of t.
3, 43
Suppose 14*a + 181710 = 19*a + 5*r, r + 109042 = 3*a. List the prime factors of a.
2, 17, 1069
Let y(a) = 89*a**2 - 112*a - 1556. List the prime factors of y(-14).
2, 1091
Suppose -164*m + 3136 = -163*m + 3*q, m - q - 3148 = 0. List the prime factors of m.
5, 17, 37
Let u(q) = -q + 9. Let b be 2 + 9 + 3 - 3. Let s be u(b). What are the prime factors of s/1 + -262*(-2)/4?
3, 43
Let x be ((-20)/2 - -2)/(-3 + 1). Suppose -x = -3*m + 5. Suppose 0 = a + j - 92, -5*a + m*j + 444 = -0*j. List the prime factors of a.
2, 3, 5
Let t(o) = -5*o**2 - 5*o - 2. Let m be t(-2). Let r be m/8*(-40)/12. Suppose -r*k + 890 = 4*l, 3*k = -l - 62 + 288. What are the prime factors of l?
2, 5, 11
Suppose -10 - 24 = -17*t. Suppose -28*y = -t*y - 9386. List the prime factors of y.
19
Let y(l) = l**3 + 26*l**2 + 8*l + 96. What are the prime factors of y(-19)?
7, 353
Suppose -5*v + 68107 = 3*u - 70321, 0 = 5*v - u - 138424. List the prime factors of v.
5, 7, 113
Suppose -2*t + 2*f - 4*f = -4, -8 = -2*f. Let b be (1 + t)*(-3 - 4). Suppose b*p = 60 + 17. List the prime factors of p.
11
Suppose 4*y + v = 8935, -2398 = 3*y - 2*v - 9091. Let j = -1402 + y. What are the prime factors of j?
3, 277
Suppose 0 = i - 2*r - 5372, 3*r + 19951 = 3*i + 3850. List the prime factors of i.
2, 7, 383
Let o(b) = -37*b - 5. Suppose -7*l - 7 = 14. Let n = -5 - l. What are the prime factors of o(n)?
3, 23
Let a = 15 - 10. Let m(w) = -19*w + 164. Let s be m(-12). Suppose -j = -4*f - 53 - 14, f + s = a*j. List the prime factors of j.
79
Let u be 2/(-3)*(25 + -28). Suppose -t = j - u*t - 130, j - 124 = 3*t. List the prime factors of j.
7, 19
Suppose 0 = 11*m + 75 - 75. Let r = 11 - 8. Suppose 5*u - 451 = -2*x, m = -3*u - 2*u + r*x + 461. What are the prime factors of u?
7, 13
Suppose i = 4*d - 12, -13*i + d = -10*i - 19. Suppose i*x + 3752 = 14816. What are the prime factors of x?
3, 461
Let p = 147 + -210. Let w = 483 + p. Suppose 204 + w = 6*k. What are the prime factors of k?
2, 13
Let p(j) = 5*j**2 - 108*j + 26. What are the prime factors of p(44)?
2, 2477
Suppose 79 = 10*o - 11. Suppose 5*x = o*x - 20. Suppose -3*u = -2*l + 2*u + 74, -x*u = -3*l + 121. What are the prime factors of l?
47
Suppose 624 = t + 7. Suppose 4*p - t - 2287 = 0. What are the prime factors of p?
2, 3, 11
Let v be (-63)/(-4) + 2/8. Let j be (-89 + -2495)*(-6)/4. Suppose j = i + v*i. What are the prime factors of i?
2, 3, 19
Let w = 39344 - 19859. List the prime factors of w.
3, 5, 433
Suppose -31*g + 19*g = -9000. List the prime factors of g.
2, 3, 5
Let w = 8339 + 3333. What are the prime factors of w?
2, 1459
Let b = 795 + 412. Suppose -2*i = 3 - b. What are the prime factors of i?
2, 7, 43
Let v = -1599 + 3938. What are the prime factors of v?
2339
List the prime factors of (10 + 12021)/(-12 - -13).
53, 227
Let a = -3331 - -14333. List the prime factors of (-4)/104*4 + a/26.
3, 47
Let q = -215 + 201. What are the prime factors of q/133 - (-32570)/38?
857
Let l(x) = 1001*x**3 - 3*x**2 + 3*x. Let i be l(1). Let r = i + -813. List the prime factors of r.
2, 47
Suppose 0 = 88*l - 640*l + 1006198 + 11523650. What are the prime factors of l?
22699
Suppose 7*w - 8688 = -4*p + 3*w, -2*p + 4337 = -5*w. Let s = p - 1083. List the prime factors of s.
2, 17
Let f(j) = 586*j**3 + 7*j**2 - 7*j + 14. What are the prime factors of f(2)?
2, 3, 131
Suppose -4*o + 27770 + 40940 = 2*x, o = -3*x + 103085. List the prime factors of x.
7, 4909
Let t be -103*20/36 + 4/18. List the prime factors of (1 - (-1457)/3) + (-19)/t.
487
Suppose -57*k = 2*o - 55*k - 50, 35 = o + 3*k. Let n = o - -220. Li